{"id":23746,"date":"2024-07-18T14:08:16","date_gmt":"2024-07-18T14:08:16","guid":{"rendered":"https:\/\/ameta.pt\/?page_id=23746"},"modified":"2026-04-10T22:22:20","modified_gmt":"2026-04-10T22:22:20","slug":"rede-de-parceiros","status":"publish","type":"page","link":"https:\/\/ameta.pt\/?page_id=23746","title":{"rendered":"Rede de Parceiros"},"content":{"rendered":"<div class=\"wpb-content-wrapper\"><section data-vc-full-width=\"true\" data-vc-full-width-init=\"false\" class=\"vc_row wpb_row vc_row-fluid  vc_custom_1721502187747 cover-background wow fadeIn vc_row-has-fill pofo-stretch-content pofo-stretch-row-container\"><div class=\"wpb_column vc_column_container vc_col-sm-12  col-xs-mobile-fullwidth\"><div class=\"vc_column-inner vc_custom_1721502047713\"><div class=\"wpb_wrapper\"><div class=\"vc_row wpb_row vc_inner vc_row-fluid  vc_custom_1721218659035 vc_row-has-fill\"><div class=\"wpb_column vc_column_container vc_col-sm-3 vc_col-md-3 vc_col-xs-12 vc_hidden-xs\"><div class=\"vc_column-inner \"><div class=\"wpb_wrapper\"><\/div><\/div><\/div><div class=\"wpb_column vc_column_container vc_col-sm-6 vc_col-md-6 vc_col-xs-12 text-center pofo-column-responsive-69e1de6b05b9c\"><div class=\"vc_column-inner vc_custom_1509691758300\"><div class=\"wpb_wrapper\"><div class=\"text-medium-gray text-small margin-5px-bottom alt-font text-uppercase heading-style4  vc_custom_1721501274739  heading-1\"  style=\"color: #b1d4d6;\">ASSOCIA\u00c7\u00c3O DE MEDICINAS TRADICIONAIS E ALTERNATIVAS<\/div><h5 class=\"text-extra-dark-gray margin-20px-bottom font-weight-600 display-inline-block alt-font heading-style2  heading-2\"  style=\"color: #11729d;\">Rede de Parceiros AMETA<\/h5><\/div><\/div><\/div><div class=\"wpb_column vc_column_container vc_col-sm-3 vc_col-md-3 vc_col-xs-12 vc_hidden-xs\"><div class=\"vc_column-inner \"><div class=\"wpb_wrapper\"><\/div><\/div><\/div><\/div><\/div><\/div><\/div><\/section><div class=\"vc_row-full-width vc_clearfix\"><\/div><section class=\"vc_row wpb_row vc_row-fluid  vc_custom_1770222274833\"><div class=\"wpb_column vc_column_container vc_col-sm-12  col-xs-mobile-fullwidth\"><div class=\"vc_column-inner \"><div class=\"wpb_wrapper\"><div class=\"vc_row wpb_row vc_inner vc_row-fluid  vc_custom_1770211074079 vc_row-has-fill vc_row-o-equal-height vc_row-flex\"><div class=\"wpb_column vc_column_container vc_col-sm-4  col-xs-mobile-fullwidth text-center md-text-center sm-text-center xs-text-center\"><div class=\"vc_column-inner \"><div class=\"wpb_wrapper\">[vc_empty_space][vc_icon icon_fontawesome=&#8221;fas fa-heart-pulse&#8221; color=&#8221;white&#8221; size=&#8221;xl&#8221; align=&#8221;center&#8221; css=&#8221;&#8221;][vc_custom_heading text=&#8221;CONTACTOS&#8221; font_container=&#8221;tag:h3|text_align:center|color:%23FFFFFF&#8221; google_fonts=&#8221;font_family:Montserrat%3Aregular%2C700|font_style:400%20regular%3A400%3Anormal&#8221; css=&#8221;&#8221;][vc_empty_space]<\/div><\/div><\/div><div class=\"wpb_column vc_column_container vc_col-sm-4  col-xs-mobile-fullwidth text-center md-text-center sm-text-center xs-text-center\"><div class=\"vc_column-inner \"><div class=\"wpb_wrapper\">[vc_empty_space][vc_icon icon_fontawesome=&#8221;fas fa-square-check&#8221; color=&#8221;white&#8221; size=&#8221;xl&#8221; align=&#8221;center&#8221; css=&#8221;&#8221;][vc_custom_heading text=&#8221;SERVI\u00c7OS&#8221; font_container=&#8221;tag:h3|text_align:center|color:%23FFFFFF&#8221; google_fonts=&#8221;font_family:Montserrat%3Aregular%2C700|font_style:400%20regular%3A400%3Anormal&#8221; css=&#8221;&#8221;][vc_empty_space]<\/div><\/div><\/div><div class=\"wpb_column vc_column_container vc_col-sm-4  col-xs-mobile-fullwidth text-center md-text-center sm-text-center xs-text-center\"><div class=\"vc_column-inner \"><div class=\"wpb_wrapper\">[vc_empty_space][vc_icon icon_fontawesome=&#8221;fas fa-globe&#8221; color=&#8221;white&#8221; size=&#8221;xl&#8221; align=&#8221;center&#8221; css=&#8221;&#8221;][vc_custom_heading text=&#8221;BENEFICIOS&#8221; font_container=&#8221;tag:h3|text_align:center|color:%23FFFFFF&#8221; google_fonts=&#8221;font_family:Montserrat%3Aregular%2C700|font_style:400%20regular%3A400%3Anormal&#8221; css=&#8221;&#8221;][vc_empty_space]<\/div><\/div><\/div><\/div><div class=\"vc_row wpb_row vc_inner vc_row-fluid   vc_row-o-equal-height vc_row-o-content-middle vc_row-flex\"><div class=\"wpb_column vc_column_container vc_col-sm-12  col-xs-mobile-fullwidth\"><div class=\"vc_column-inner \"><div class=\"wpb_wrapper\"><\/div><\/div><\/div><\/div><div class=\"vc_row wpb_row vc_inner vc_row-fluid  vc_custom_1770219854853 vc_row-has-fill vc_row-o-equal-height vc_row-o-content-middle vc_row-flex\"><div class=\"wpb_column vc_column_container vc_col-sm-4  col-xs-mobile-fullwidth\"><div class=\"vc_column-inner \"><div class=\"wpb_wrapper\"><div class=\"featurebox31 pofo-featurebox featurebox31-1\" ><div class=\"text-light-gray margin-10px-bottom sm-margin-5px-bottom alt-font\"><span class=\"text-extra-dark-gray \">Bruno Santos<\/span><\/div><div class=\"last-paragraph-no-margin\"><p style=\"text-align: left;\">Tlm: <span data-olk-copy-source=\"MessageBody\">939366099<\/span><br \/>\nEmail: <a href=\"mailto:bsacupuntura@gmail.com\">bsacupuntura@gmail.com<\/a><br \/>\nSite: <a href=\"https:\/\/kipuncture.com\/bs\" target=\"_blank\" rel=\"noopener\">kipuncture.com\/bs<\/a><\/p>\n<\/div><\/div><\/div><\/div><\/div><div class=\"wpb_column vc_column_container vc_col-sm-4  col-xs-mobile-fullwidth\"><div class=\"vc_column-inner \"><div class=\"wpb_wrapper\"><div class=\"featurebox31 pofo-featurebox featurebox31-2\" ><div class=\"text-light-gray margin-10px-bottom sm-margin-5px-bottom alt-font\"><\/div><div class=\"last-paragraph-no-margin\"><ul>\n<li style=\"text-align: left;\">Acupuntura Integrativa<\/li>\n<li style=\"text-align: left;\">MT Japonesa (diagn\u00f3stico e terapias orientais)<\/li>\n<li style=\"text-align: left;\">Shiatsu<\/li>\n<li style=\"text-align: left;\">Treino personalizado para recupera\u00e7\u00e3o de les\u00f5es e corre\u00e7\u00e3o postural<\/li>\n<li style=\"text-align: left;\">Forma\u00e7\u00e3o para utentes e profissionais<\/li>\n<\/ul>\n<\/div><\/div><\/div><\/div><\/div><div class=\"wpb_column vc_column_container vc_col-sm-4  col-xs-mobile-fullwidth\"><div class=\"vc_column-inner \"><div class=\"wpb_wrapper\"><div class=\"featurebox31 pofo-featurebox featurebox31-3\" ><div class=\"text-light-gray margin-10px-bottom sm-margin-5px-bottom alt-font\"><\/div><div class=\"last-paragraph-no-margin\"><ul>\n<li style=\"text-align: left;\">10% de desconto em todos os servi\u00e7os<\/li>\n<li style=\"text-align: left;\">5% de desconto para familiares e membros da equipa<\/li>\n<\/ul>\n<\/div><\/div><\/div><\/div><\/div><\/div><div class=\"vc_row wpb_row vc_inner vc_row-fluid   vc_row-o-equal-height vc_row-o-content-middle vc_row-flex\"><div class=\"wpb_column vc_column_container vc_col-sm-12  col-xs-mobile-fullwidth\"><div class=\"vc_column-inner \"><div class=\"wpb_wrapper\"><\/div><\/div><\/div><\/div><div class=\"vc_row wpb_row vc_inner vc_row-fluid  vc_custom_1770219969488 vc_row-has-fill vc_row-o-equal-height vc_row-o-content-middle vc_row-flex\"><div class=\"wpb_column vc_column_container vc_col-sm-4  col-xs-mobile-fullwidth\"><div class=\"vc_column-inner \"><div class=\"wpb_wrapper\"><div class=\"featurebox31 pofo-featurebox featurebox31-4\" ><div class=\"text-light-gray margin-10px-bottom sm-margin-5px-bottom alt-font\"><span class=\"text-extra-dark-gray \">Catarina Marques<\/span><\/div><div class=\"last-paragraph-no-margin\"><p style=\"text-align: left;\">Tlm: 966354742<br \/>\nEmail: <a href=\"mailto:catarinamarques.psi@gmail.com\">catarinamarques.psi@gmail.com<\/a><\/p>\n<\/div><\/div><\/div><\/div><\/div><div class=\"wpb_column vc_column_container vc_col-sm-4  col-xs-mobile-fullwidth\"><div class=\"vc_column-inner \"><div class=\"wpb_wrapper\"><div class=\"featurebox31 pofo-featurebox featurebox31-5\" ><div class=\"text-light-gray margin-10px-bottom sm-margin-5px-bottom alt-font\"><\/div><div class=\"last-paragraph-no-margin\"><ul>\n<li style=\"text-align: left;\">Psicologia Cl\u00ednica<\/li>\n<li style=\"text-align: left;\">Psicoterapia de Apoio<\/li>\n<li style=\"text-align: left;\">Constela\u00e7\u00f5es Sist\u00e9micas<\/li>\n<li style=\"text-align: left;\">Forma\u00e7\u00e3o<\/li>\n<\/ul>\n<\/div><\/div><\/div><\/div><\/div><div class=\"wpb_column vc_column_container vc_col-sm-4  col-xs-mobile-fullwidth\"><div class=\"vc_column-inner \"><div class=\"wpb_wrapper\"><div class=\"featurebox31 pofo-featurebox featurebox31-6\" ><div class=\"text-light-gray margin-10px-bottom sm-margin-5px-bottom alt-font\"><\/div><div class=\"last-paragraph-no-margin\"><ul>\n<li style=\"text-align: left;\">10% na primeira consulta<\/li>\n<li style=\"text-align: left;\">5% nas consultas seguintes<\/li>\n<li style=\"text-align: left;\">10% na inscri\u00e7\u00e3o das forma\u00e7\u00f5es<\/li>\n<li style=\"text-align: left;\">10% para familiares, amigos ou equipa na 1\u00aa consulta<\/li>\n<\/ul>\n<\/div><\/div><\/div><\/div><\/div><\/div><div class=\"vc_row wpb_row vc_inner vc_row-fluid   vc_row-o-equal-height vc_row-o-content-middle vc_row-flex\"><div class=\"wpb_column vc_column_container vc_col-sm-12  col-xs-mobile-fullwidth\"><div class=\"vc_column-inner \"><div class=\"wpb_wrapper\"><\/div><\/div><\/div><\/div><div class=\"vc_row wpb_row vc_inner vc_row-fluid  vc_custom_1770219979516 vc_row-has-fill vc_row-o-equal-height vc_row-o-content-middle vc_row-flex\"><div class=\"wpb_column vc_column_container vc_col-has-fill vc_col-sm-4  col-xs-mobile-fullwidth\"><div class=\"vc_column-inner vc_custom_1770221913281\"><div class=\"wpb_wrapper\"><div class=\"featurebox31 pofo-featurebox featurebox31-7\" ><div class=\"text-light-gray margin-10px-bottom sm-margin-5px-bottom alt-font\"><span class=\"text-extra-dark-gray \">Helena Mendes<\/span><\/div><div class=\"last-paragraph-no-margin\"><p style=\"text-align: left;\">Tlm: 966554717<br \/>\nEmail: <a href=\"mailto:hsmendes@hotmail.com\">hsmendes@hotmail.com<\/a><\/p>\n<\/div><\/div><\/div><\/div><\/div><div class=\"wpb_column vc_column_container vc_col-sm-4  col-xs-mobile-fullwidth\"><div class=\"vc_column-inner \"><div class=\"wpb_wrapper\"><div class=\"featurebox31 pofo-featurebox featurebox31-8\" ><div class=\"text-light-gray margin-10px-bottom sm-margin-5px-bottom alt-font\"><\/div><div class=\"last-paragraph-no-margin\"><ul>\n<li style=\"text-align: left;\">Terapia Bowen<\/li>\n<li>Osteopatia<\/li>\n<li>Psicoterapia Som\u00e1tica em Bioss\u00edntese<\/li>\n<li>Shiatsu<\/li>\n<li>Drenangem Linf\u00e1tica Manual &#8211; M\u00e9todo Leduc<\/li>\n<li>Forma\u00e7\u00e3o<\/li>\n<\/ul>\n<\/div><\/div><\/div><\/div><\/div><div class=\"wpb_column vc_column_container vc_col-sm-4  col-xs-mobile-fullwidth\"><div class=\"vc_column-inner \"><div class=\"wpb_wrapper\"><div class=\"featurebox31 pofo-featurebox featurebox31-9\" ><div class=\"text-light-gray margin-10px-bottom sm-margin-5px-bottom alt-font\"><\/div><div class=\"last-paragraph-no-margin\"><ul>\n<li style=\"text-align: left;\">10% de desconto em todos os servi\u00e7os<\/li>\n<li style=\"text-align: left;\">5% para familiares e membros da equipa<\/li>\n<\/ul>\n<\/div><\/div><\/div><\/div><\/div><\/div><div class=\"vc_row wpb_row vc_inner vc_row-fluid   vc_row-o-equal-height vc_row-o-content-middle vc_row-flex\"><div class=\"wpb_column vc_column_container vc_col-sm-12  col-xs-mobile-fullwidth\"><div class=\"vc_column-inner \"><div class=\"wpb_wrapper\"><\/div><\/div><\/div><\/div><div class=\"vc_row wpb_row vc_inner vc_row-fluid  vc_custom_1770220009541 vc_row-has-fill vc_row-o-equal-height vc_row-o-content-middle vc_row-flex\"><div class=\"wpb_column vc_column_container vc_col-sm-4  col-xs-mobile-fullwidth\"><div class=\"vc_column-inner \"><div class=\"wpb_wrapper\"><div class=\"featurebox31 pofo-featurebox featurebox31-10\" ><div class=\"text-light-gray margin-10px-bottom sm-margin-5px-bottom alt-font\"><span class=\"text-extra-dark-gray \">In\u00eas Lopes Duarte<\/span><\/div><div class=\"last-paragraph-no-margin\"><p style=\"text-align: left;\">Tlm: 963289916<br \/>\nEmail: <a href=\"mailto:ineslopesduarte.mtc@gmail.com\">ineslopesduarte.mtc@gmail.com<\/a><\/p>\n<\/div><\/div><\/div><\/div><\/div><div class=\"wpb_column vc_column_container vc_col-sm-4  col-xs-mobile-fullwidth\"><div class=\"vc_column-inner \"><div class=\"wpb_wrapper\"><div class=\"featurebox31 pofo-featurebox featurebox31-11\" ><div class=\"text-light-gray margin-10px-bottom sm-margin-5px-bottom alt-font\"><\/div><div class=\"last-paragraph-no-margin\"><ul>\n<li style=\"text-align: left;\">Massagem Terap\u00eautica, Relaxante e Tui-Na<\/li>\n<li style=\"text-align: left;\">Drenagem Linf\u00e1tica Manual<\/li>\n<li style=\"text-align: left;\">Reflexoterapia<\/li>\n<li style=\"text-align: left;\">Tratamentos Est\u00e9ticos Naturais<\/li>\n<li style=\"text-align: left;\">Mesoterapia Homeop\u00e1tica Osteoarticular<\/li>\n<li style=\"text-align: left;\">ETC e Acupuntura (Ventosa, Eletroterapia e Moxabust\u00e3o)<\/li>\n<\/ul>\n<\/div><\/div><\/div><\/div><\/div><div class=\"wpb_column vc_column_container vc_col-sm-4  col-xs-mobile-fullwidth\"><div class=\"vc_column-inner \"><div class=\"wpb_wrapper\"><div class=\"featurebox31 pofo-featurebox featurebox31-12\" ><div class=\"text-light-gray margin-10px-bottom sm-margin-5px-bottom alt-font\"><\/div><div class=\"last-paragraph-no-margin\"><ul>\n<li style=\"text-align: left;\">10% no pack de 3 a 5 massagens (Terap\u00eautica\/Relaxante)<\/li>\n<li style=\"text-align: left;\">10% nos tratamentos est\u00e9ticos (limpeza profunda, microagulhamento, mesoterapia)<\/li>\n<\/ul>\n<\/div><\/div><\/div><\/div><\/div><\/div><div class=\"vc_row wpb_row vc_inner vc_row-fluid   vc_row-o-equal-height vc_row-o-content-middle vc_row-flex\"><div class=\"wpb_column vc_column_container vc_col-sm-12  col-xs-mobile-fullwidth\"><div class=\"vc_column-inner \"><div class=\"wpb_wrapper\"><\/div><\/div><\/div><\/div><div class=\"vc_row wpb_row vc_inner vc_row-fluid  vc_custom_1770220020448 vc_row-has-fill vc_row-o-equal-height vc_row-o-content-middle vc_row-flex\"><div class=\"wpb_column vc_column_container vc_col-sm-4  col-xs-mobile-fullwidth\"><div class=\"vc_column-inner \"><div class=\"wpb_wrapper\"><div class=\"featurebox31 pofo-featurebox featurebox31-13\" ><div class=\"text-light-gray margin-10px-bottom sm-margin-5px-bottom alt-font\"><span class=\"text-extra-dark-gray \">Nuno Gomes<\/span><\/div><div class=\"last-paragraph-no-margin\"><p style=\"text-align: left;\">Tlm: 913112262<br \/>\nEmail: <a href=\"mailto:nuno.gomes@centrozenchi.com\">nuno.gomes@centrozenchi.com<\/a><br \/>\nSite: <a href=\"https:\/\/centrozenchi.com\" target=\"_blank\" rel=\"noopener\">centrozenchi.com<\/a><\/p>\n<\/div><\/div><\/div><\/div><\/div><div class=\"wpb_column vc_column_container vc_col-sm-4  col-xs-mobile-fullwidth\"><div class=\"vc_column-inner \"><div class=\"wpb_wrapper\"><div class=\"featurebox31 pofo-featurebox featurebox31-14\" ><div class=\"text-light-gray margin-10px-bottom sm-margin-5px-bottom alt-font\"><\/div><div class=\"last-paragraph-no-margin\"><ul>\n<li style=\"text-align: left;\">Acupuntura Integrativa<\/li>\n<li style=\"text-align: left;\">MT Japonesa (diagn\u00f3stico e terapias orientais)<\/li>\n<li style=\"text-align: left;\">Shiatsu Seitai<\/li>\n<li style=\"text-align: left;\">Fotobiomodula\u00e7\u00e3o<\/li>\n<li style=\"text-align: left;\">Radiestesia Cl\u00ednica<\/li>\n<\/ul>\n<\/div><\/div><\/div><\/div><\/div><div class=\"wpb_column vc_column_container vc_col-sm-4  col-xs-mobile-fullwidth\"><div class=\"vc_column-inner \"><div class=\"wpb_wrapper\"><div class=\"featurebox31 pofo-featurebox featurebox31-15\" ><div class=\"text-light-gray margin-10px-bottom sm-margin-5px-bottom alt-font\"><\/div><div class=\"last-paragraph-no-margin\"><ul>\n<li style=\"text-align: left;\">10% de desconto em todos os servi\u00e7os<\/li>\n<li style=\"text-align: left;\">5% para familiares e membros da equipa<\/li>\n<\/ul>\n<\/div><\/div><\/div><\/div><\/div><\/div><div class=\"vc_row wpb_row vc_inner vc_row-fluid   vc_row-o-equal-height vc_row-o-content-middle vc_row-flex\"><div class=\"wpb_column vc_column_container vc_col-sm-12  col-xs-mobile-fullwidth\"><div class=\"vc_column-inner \"><div class=\"wpb_wrapper\"><\/div><\/div><\/div><\/div><div class=\"vc_row wpb_row vc_inner vc_row-fluid  vc_custom_1770220222932 vc_row-has-fill vc_row-o-equal-height vc_row-o-content-middle vc_row-flex\"><div class=\"wpb_column vc_column_container vc_col-sm-4  col-xs-mobile-fullwidth\"><div class=\"vc_column-inner \"><div class=\"wpb_wrapper\"><div class=\"featurebox31 pofo-featurebox featurebox31-16\" ><div class=\"text-light-gray margin-10px-bottom sm-margin-5px-bottom alt-font\"><span class=\"text-extra-dark-gray \">Anderson Sab\u00e1ra<\/span><\/div><div class=\"last-paragraph-no-margin\"><p style=\"text-align: left;\">Tlm: 920574728<br \/>\nEmail: <a href=\"constelacaoportugal@gmail.com\">constelacaoportugal@gmail.com<\/a><\/p>\n<\/div><\/div><\/div><\/div><\/div><div class=\"wpb_column vc_column_container vc_col-sm-4  col-xs-mobile-fullwidth\"><div class=\"vc_column-inner \"><div class=\"wpb_wrapper\"><div class=\"featurebox31 pofo-featurebox featurebox31-17\" ><div class=\"text-light-gray margin-10px-bottom sm-margin-5px-bottom alt-font\"><\/div><div class=\"last-paragraph-no-margin\"><ul>\n<li style=\"text-align: left;\">Constela\u00e7\u00e3o Familiar<\/li>\n<\/ul>\n<\/div><\/div><\/div><\/div><\/div><div class=\"wpb_column vc_column_container vc_col-sm-4  col-xs-mobile-fullwidth\"><div class=\"vc_column-inner \"><div class=\"wpb_wrapper\"><div class=\"featurebox31 pofo-featurebox featurebox31-18\" ><div class=\"text-light-gray margin-10px-bottom sm-margin-5px-bottom alt-font\"><\/div><div class=\"last-paragraph-no-margin\"><ul>\n<li style=\"text-align: left;\">15% na consulta (quem for constelar)<\/li>\n<li style=\"text-align: left;\">Participa\u00e7\u00e3o gratuita<\/li>\n<\/ul>\n<\/div><\/div><\/div><\/div><\/div><\/div><div class=\"vc_row wpb_row vc_inner vc_row-fluid   vc_row-o-equal-height vc_row-o-content-middle vc_row-flex\"><div class=\"wpb_column vc_column_container vc_col-sm-12  col-xs-mobile-fullwidth\"><div class=\"vc_column-inner \"><div class=\"wpb_wrapper\"><\/div><\/div><\/div><\/div><div class=\"vc_row wpb_row vc_inner vc_row-fluid  vc_custom_1770220047312 vc_row-has-fill vc_row-o-equal-height vc_row-o-content-middle vc_row-flex\"><div class=\"wpb_column vc_column_container vc_col-sm-4  col-xs-mobile-fullwidth\"><div class=\"vc_column-inner \"><div class=\"wpb_wrapper\"><div class=\"featurebox31 pofo-featurebox featurebox31-19\" ><div class=\"text-light-gray margin-10px-bottom sm-margin-5px-bottom alt-font\"><span class=\"text-extra-dark-gray \">Rosane Rocha<\/span><\/div><div class=\"last-paragraph-no-margin\"><p style=\"text-align: left;\">Tlm: 927732947<br \/>\nEmail: <a href=\"mailto:fibonati@gmail.com\">fibonati@gmail.com<\/a><\/p>\n<\/div><\/div><\/div><\/div><\/div><div class=\"wpb_column vc_column_container vc_col-sm-4  col-xs-mobile-fullwidth\"><div class=\"vc_column-inner \"><div class=\"wpb_wrapper\"><div class=\"featurebox31 pofo-featurebox featurebox31-20\" ><div class=\"text-light-gray margin-10px-bottom sm-margin-5px-bottom alt-font\"><\/div><div class=\"last-paragraph-no-margin\"><ul>\n<li style=\"text-align: left;\">Naturopatia<\/li>\n<li style=\"text-align: left;\">Fitoterapia Ocidental<\/li>\n<li style=\"text-align: left;\">Aromaterapia<\/li>\n<li style=\"text-align: left;\">Auriculoterapia<\/li>\n<li style=\"text-align: left;\">Ortomoolecular<\/li>\n<\/ul>\n<\/div><\/div><\/div><\/div><\/div><div class=\"wpb_column vc_column_container vc_col-sm-4  col-xs-mobile-fullwidth\"><div class=\"vc_column-inner \"><div class=\"wpb_wrapper\"><div class=\"featurebox31 pofo-featurebox featurebox31-21\" ><div class=\"text-light-gray margin-10px-bottom sm-margin-5px-bottom alt-font\"><\/div><div class=\"last-paragraph-no-margin\"><ul>\n<li style=\"text-align: left;\">15% de desconto no seguimento das consultas (Particular)<\/li>\n<\/ul>\n<\/div><\/div><\/div><\/div><\/div><\/div><div class=\"vc_row wpb_row vc_inner vc_row-fluid   vc_row-o-equal-height vc_row-o-content-middle vc_row-flex\"><div class=\"wpb_column vc_column_container vc_col-sm-12  col-xs-mobile-fullwidth\"><div class=\"vc_column-inner \"><div class=\"wpb_wrapper\"><\/div><\/div><\/div><\/div><div class=\"vc_row wpb_row vc_inner vc_row-fluid  vc_custom_1770220233582 vc_row-has-fill vc_row-o-equal-height vc_row-o-content-middle vc_row-flex\"><div class=\"wpb_column vc_column_container vc_col-sm-4  col-xs-mobile-fullwidth\"><div class=\"vc_column-inner \"><div class=\"wpb_wrapper\"><div class=\"featurebox31 pofo-featurebox featurebox31-22\" ><div class=\"text-light-gray margin-10px-bottom sm-margin-5px-bottom alt-font\"><span class=\"text-extra-dark-gray \">Yukio Argerkop<\/span><\/div><div class=\"last-paragraph-no-margin\"><p style=\"text-align: left;\">Tlm: 916941115<br \/>\nEmail: <a href=\"mailto:yukioagerkop@tutanota.com\">yukioagerkop@tutanota.com<\/a><\/p>\n<\/div><\/div><\/div><\/div><\/div><div class=\"wpb_column vc_column_container vc_col-sm-4  col-xs-mobile-fullwidth\"><div class=\"vc_column-inner \"><div class=\"wpb_wrapper\"><div class=\"featurebox31 pofo-featurebox featurebox31-23\" ><div class=\"text-light-gray margin-10px-bottom sm-margin-5px-bottom alt-font\"><\/div><div class=\"last-paragraph-no-margin\"><ul>\n<li style=\"text-align: left;\">Medicina Tradicional Chinesa<\/li>\n<li style=\"text-align: left;\">Acupuntura<\/li>\n<li style=\"text-align: left;\">Qigong<\/li>\n<li style=\"text-align: left;\">Tai Chi Chuan<\/li>\n<\/ul>\n<\/div><\/div><\/div><\/div><\/div><div class=\"wpb_column vc_column_container vc_col-sm-4  col-xs-mobile-fullwidth\"><div class=\"vc_column-inner \"><div class=\"wpb_wrapper\"><div class=\"featurebox31 pofo-featurebox featurebox31-24\" ><div class=\"text-light-gray margin-10px-bottom sm-margin-5px-bottom alt-font\"><\/div><div class=\"last-paragraph-no-margin\"><ul>\n<li style=\"text-align: left;\">10% na primeira consulta<\/li>\n<li style=\"text-align: left;\">5% nas consultas seguintes<\/li>\n<\/ul>\n<\/div><\/div><\/div><\/div><\/div><\/div><\/div><\/div><\/div><\/section>\n<\/div>","protected":false},"excerpt":{"rendered":"ASSOCIA\u00c7\u00c3O DE MEDICINAS TRADICIONAIS E ALTERNATIVASRede de Parceiros AMETA[vc_empty_space][vc_icon icon_fontawesome=\"fas fa-heart-pulse\" color=\"white\" size=\"xl\" align=\"center\" css=\"\"][vc_custom_heading text=\"CONTACTOS\" font_container=\"tag:h3|text_align:center|color:%23FFFFFF\" google_fonts=\"font_family:Montserrat%3Aregular%2C700|font_style:400%20regular%3A400%3Anormal\" css=\"\"][vc_empty_space][vc_empty_space][vc_icon icon_fontawesome=\"fas fa-square-check\" color=\"white\" size=\"xl\" align=\"center\" css=\"\"][vc_custom_heading text=\"SERVI\u00c7OS\" font_container=\"tag:h3|text_align:center|color:%23FFFFFF\" google_fonts=\"font_family:Montserrat%3Aregular%2C700|font_style:400%20regular%3A400%3Anormal\" css=\"\"][vc_empty_space][vc_empty_space][vc_icon icon_fontawesome=\"fas fa-globe\" color=\"white\" size=\"xl\" align=\"center\" css=\"\"][vc_custom_heading text=\"BENEFICIOS\" font_container=\"tag:h3|text_align:center|color:%23FFFFFF\" google_fonts=\"font_family:Montserrat%3Aregular%2C700|font_style:400%20regular%3A400%3Anormal\" css=\"\"][vc_empty_space]Bruno SantosTlm: 939366099 Email: bsacupuntura@gmail.com Site: kipuncture.com\/bs Acupuntura Integrativa MT Japonesa (diagn\u00f3stico e terapias orientais) Shiatsu Treino personalizado para recupera\u00e7\u00e3o de les\u00f5es e corre\u00e7\u00e3o postural Forma\u00e7\u00e3o para utentes e profissionais 10% de desconto em todos os servi\u00e7os 5% de desconto para familiares e membros da equipa Catarina MarquesTlm: 966354742 Email: catarinamarques.psi@gmail.com Psicologia Cl\u00ednica Psicoterapia de Apoio Constela\u00e7\u00f5es Sist\u00e9micas Forma\u00e7\u00e3o 10% na primeira consulta 5% nas consultas seguintes 10% na inscri\u00e7\u00e3o das forma\u00e7\u00f5es 10% para familiares, amigos ou equipa na 1\u00aa consulta Helena MendesTlm: 966554717 Email: hsmendes@hotmail.com Terapia Bowen Osteopatia Psicoterapia Som\u00e1tica em Bioss\u00edntese Shiatsu Drenangem Linf\u00e1tica Manual - M\u00e9todo Leduc Forma\u00e7\u00e3o 10% de desconto em todos os servi\u00e7os 5% para familiares e membros da equipa In\u00eas Lopes DuarteTlm: 963289916 Email: ineslopesduarte.mtc@gmail.com Massagem Terap\u00eautica, Relaxante e Tui-Na Drenagem Linf\u00e1tica Manual Reflexoterapia Tratamentos Est\u00e9ticos Naturais Mesoterapia Homeop\u00e1tica Osteoarticular ETC e Acupuntura (Ventosa, Eletroterapia e Moxabust\u00e3o) 10% no pack de 3 a 5 massagens (Terap\u00eautica\/Relaxante) 10% nos tratamentos est\u00e9ticos (limpeza profunda, microagulhamento, mesoterapia) Nuno GomesTlm:...","protected":false},"author":1,"featured_media":0,"parent":0,"menu_order":0,"comment_status":"closed","ping_status":"closed","template":"","meta":{"_monsterinsights_skip_tracking":false,"_monsterinsights_sitenote_active":false,"_monsterinsights_sitenote_note":"","_monsterinsights_sitenote_category":0,"_uf_show_specific_survey":0,"_uf_disable_surveys":false,"_themeisle_gutenberg_block_has_review":false,"footnotes":""},"class_list":["post-23746","page","type-page","status-publish","hentry"],"aioseo_notices":[],"_links":{"self":[{"href":"https:\/\/ameta.pt\/index.php?rest_route=\/wp\/v2\/pages\/23746","targetHints":{"allow":["GET"]}}],"collection":[{"href":"https:\/\/ameta.pt\/index.php?rest_route=\/wp\/v2\/pages"}],"about":[{"href":"https:\/\/ameta.pt\/index.php?rest_route=\/wp\/v2\/types\/page"}],"author":[{"embeddable":true,"href":"https:\/\/ameta.pt\/index.php?rest_route=\/wp\/v2\/users\/1"}],"replies":[{"embeddable":true,"href":"https:\/\/ameta.pt\/index.php?rest_route=%2Fwp%2Fv2%2Fcomments&post=23746"}],"version-history":[{"count":62,"href":"https:\/\/ameta.pt\/index.php?rest_route=\/wp\/v2\/pages\/23746\/revisions"}],"predecessor-version":[{"id":23980,"href":"https:\/\/ameta.pt\/index.php?rest_route=\/wp\/v2\/pages\/23746\/revisions\/23980"}],"wp:attachment":[{"href":"https:\/\/ameta.pt\/index.php?rest_route=%2Fwp%2Fv2%2Fmedia&parent=23746"}],"curies":[{"name":"wp","href":"https:\/\/api.w.org\/{rel}","templated":true}]}}