{"id":23106,"date":"2024-05-16T11:24:10","date_gmt":"2024-05-16T11:24:10","guid":{"rendered":"https:\/\/ameta.pt\/?page_id=23106"},"modified":"2024-07-18T12:03:39","modified_gmt":"2024-07-18T12:03:39","slug":"ameta-sub1","status":"publish","type":"page","link":"https:\/\/ameta.pt\/?page_id=23106","title":{"rendered":"QUEM SOMOS"},"content":{"rendered":"<div class=\"wpb-content-wrapper\"><section id=\"about\" data-vc-full-width=\"true\" data-vc-full-width-init=\"false\" class=\"vc_row wpb_row vc_row-fluid  vc_custom_1599815966600 cover-background vc_row-has-fill pofo-stretch-content pofo-stretch-row-container vc_row-o-content-middle vc_row-flex\"><div class=\"wpb_column vc_column_container vc_col-sm-6  col-xs-mobile-fullwidth pofo-column-responsive-69dfb602528d9\"><div class=\"vc_column-inner \"><div class=\"wpb_wrapper\">[vc_single_image image=&#8221;23406&#8243; img_size=&#8221;full&#8221; alignment=&#8221;center&#8221;]<\/div><\/div><\/div><div class=\"wpb_column vc_column_container vc_col-sm-6  col-xs-mobile-fullwidth xs-text-center pofo-column-responsive-69dfb60252934\"><div class=\"vc_column-inner vc_custom_1599903735413\"><div class=\"wpb_wrapper\"><h3 class=\"text-extra-dark-gray margin-20px-bottom font-weight-600 display-inline-block alt-font heading-style2  heading-1\"  style=\"font-size: 45px; font-weight: 600; color: #154a69;\" data-fontsize=\"45px\">A Nossa Hist\u00f3ria<\/h3><h3 class=\"text-extra-large margin-25px-bottom display-inline-block alt-font heading-style3  heading-2\"  style=\"font-weight: 600; color: #3199b2;\">Como Tudo Come\u00e7ou<\/h3><div class=\" vc_custom_1715877804272 last-paragraph-no-margin\"><p>A AMETA \u2013Associa\u00e7\u00e3o de Medicinas Tradicionais e Alternativas,\u00a0 \u201cnasceu\u201d em 20 de Abril de 2011,\u00a0 tendo a primeira forma dos seus estatutos sido registados a 22 de Junho de 2011.<\/p>\n<p>Mas a hist\u00f3ria mais importante da AMETA, come\u00e7a muito antes da sua funda\u00e7\u00e3o oficial, quando o associativismo se revelou \u00fatil para os recursos de apoio \u00e0 sa\u00fade em diversos pa\u00edses, numa altura em que muitas das atividades dos profissionais de sa\u00fade, de v\u00e1rias especialidades, t\u00e9cnicas e conceitos, ficaram comprometidas devido \u00e0s lacunas nas compet\u00eancias de gest\u00e3o, na capacidade de investimento e outros fatores, principalmente por parte dos pequenos investidores e empreendedores em geral.<\/p>\n<\/div><\/div><\/div><\/div><div class=\"wpb_column vc_column_container  col-xs-mobile-fullwidth\"><div class=\"vc_column-inner \"><div class=\"wpb_wrapper\">[vc_empty_space][vc_custom_heading text=&#8221;A diferencia\u00e7\u00e3o desta Associa\u00e7\u00e3o tem na sua origem a integra\u00e7\u00e3o de profissionais de sa\u00fade multidisciplinar, tanto das MC\u2019s (Medicinas Convencionais) como das TNC\u2019s (Terapias N\u00e3o Convencionais), de onde surgiram as diversas propostas de solu\u00e7\u00f5es.&#8221; font_container=&#8221;tag:h5|text_align:center|color:%2311729d&#8221; google_fonts=&#8221;font_family:Montserrat%3Aregular%2C700|font_style:700%20bold%20regular%3A700%3Anormal&#8221;][vc_empty_space]<div class=\"vc_row wpb_row vc_inner vc_row-fluid\"><div class=\"wpb_column vc_column_container vc_col-sm-12  col-xs-mobile-fullwidth\"><div class=\"vc_column-inner \"><div class=\"wpb_wrapper\"><div class=\" vc_custom_1715878702515 last-paragraph-no-margin\"><p>Desta partilha de \u201ctempestades de ideias\u201d, minimamente conscientes das condi\u00e7\u00f5es de viabiliza\u00e7\u00e3o, surgiu um plano de a\u00e7\u00e3o criativo, e a nosso ver inovador, com a dupla finalidade, por um lado promover liga\u00e7\u00f5es institucionais de integra\u00e7\u00e3o entre as TNC\u2019s e as MC\u2019s e tamb\u00e9m para prestar apoio ao empreendedorismo social, especializado na \u00e1rea da sa\u00fade.<\/p>\n<p>Foram v\u00e1rios os talentos, dedicados a melhorar a qualidade de vida das pessoas atrav\u00e9s da sua sa\u00fade e bem-estar e at\u00e9 mesmo salvar v\u00e1rias vidas, que inspiraram primeiramente para esta causa. Porque muitos desses talentos de profissionais de sa\u00fade efetivamente abandonavam as suas carreiras na \u00e1rea da sa\u00fade e bem-estar para se dedicarem a outras atividades mais vi\u00e1veis ou que lhes permitisse \u201csobreviver\u201d.<\/p>\n<p>Com este objectivo em mente e ap\u00f3s algumas reuni\u00f5es preliminares de um pequenos grupos de empreendedores, formou-se a comiss\u00e3o instaladora da AMETA e em algumas semanas se estabeleceu-se o plano de fundar esta associa\u00e7\u00e3o, com duas vertentes de a\u00e7\u00e3o: Regulamenta\u00e7\u00e3o das TNC\u2019s e integra\u00e7\u00e3o e criac\u00e3o de uma rede de suporte \u00e0 sa\u00fade.<\/p>\n<p>A inicial proposta de valor da AMETA era a cria\u00e7\u00e3o de uma regulamenta\u00e7\u00e3o provis\u00f3ria das TNC\u2019s, a fim de apoiar os profissionais para a regulamenta\u00e7\u00e3o oficial do governo, prevista para 2013, da forma mais funcional e \u00fatil poss\u00edvel, tanto para os profissionais de sa\u00fade das TNC\u2019s e MC\u2019s, como para os utentes da sa\u00fade.<\/p>\n<p>O plano e os desafios a ele inerente touxeram a maturidade e aprendizagem essenciais para a segunda fase, onde o\u00a0 foco continuaria a ser a atividade nos profissionais de sa\u00fade, nos interesses dos utentes.<\/p>\n<p>A segunda fase de implementa\u00e7\u00e3o, planeada para logo ap\u00f3s terminarem os primeiros ciclos de estudo previstos na regulamenta\u00e7\u00e3o do governo portugu\u00eas, trouxe uma vis\u00e3o otimista do que \u00e9 poss\u00edvel criar na \u00e1rea de sa\u00fade e bem-estar dos portugueses, apesar dos novos desafios que entretanto se colocaram, que exista inspira\u00e7\u00e3o de muitas mais pessoas e institui\u00e7\u00f5es no sentido da integra\u00e7\u00e3o entre as TNC\u2019s e MC\u2019s<\/p>\n<p>Aqui ficam os nossos votos de gratid\u00e3o por tantas partilhas ao longo destes anos, assim como de que a hist\u00f3ria que se venha a escrever, inclua a inspira\u00e7\u00e3o de muitas mais pessoas e institui\u00e7\u00f5es no sentido que aqui propomos.<\/p>\n<\/div><\/div><\/div><\/div><\/div><a  href=\"https:\/\/form.jotform.com\/231517291714353\" target=\"_blank\" class=\"btn pofo-button-1 bg-position-center-top button-style5  btn-dark-gray btn-rounded  btn-medium   vc_custom_1721304177265 pofo-button-responsive-69dfb60252c5b\"  style=\"color:#ffffff;  border-color:rgba(0,0,0,0.01); \">INSCREVE-TE AQUI<\/a><\/div><\/div><\/div><\/section><div class=\"vc_row-full-width vc_clearfix\"><\/div>\n<\/div>","protected":false},"excerpt":{"rendered":"[vc_single_image image=\"23406\" img_size=\"full\" alignment=\"center\"]A Nossa Hist\u00f3riaComo Tudo Come\u00e7ouA AMETA \u2013Associa\u00e7\u00e3o de Medicinas Tradicionais e Alternativas,\u00a0 \u201cnasceu\u201d em 20 de Abril de 2011,\u00a0 tendo a primeira forma dos seus estatutos sido registados a 22 de Junho de 2011. Mas a hist\u00f3ria mais importante da AMETA, come\u00e7a muito antes da sua funda\u00e7\u00e3o oficial, quando o associativismo se revelou \u00fatil para os recursos de apoio \u00e0 sa\u00fade em diversos pa\u00edses, numa altura em que muitas das atividades dos profissionais de sa\u00fade, de v\u00e1rias especialidades, t\u00e9cnicas e conceitos, ficaram comprometidas devido \u00e0s lacunas nas compet\u00eancias de gest\u00e3o, na capacidade de investimento e outros fatores, principalmente por parte dos pequenos investidores e empreendedores em geral. [vc_empty_space][vc_custom_heading text=\"A diferencia\u00e7\u00e3o desta Associa\u00e7\u00e3o tem na sua origem a integra\u00e7\u00e3o de profissionais de sa\u00fade multidisciplinar, tanto das MC\u2019s (Medicinas Convencionais) como das TNC\u2019s (Terapias N\u00e3o Convencionais), de onde surgiram as diversas propostas de solu\u00e7\u00f5es.\" font_container=\"tag:h5|text_align:center|color:%2311729d\" google_fonts=\"font_family:Montserrat%3Aregular%2C700|font_style:700%20bold%20regular%3A700%3Anormal\"][vc_empty_space]Desta partilha de \u201ctempestades de ideias\u201d, minimamente conscientes das condi\u00e7\u00f5es de viabiliza\u00e7\u00e3o, surgiu um plano de a\u00e7\u00e3o criativo, e a nosso ver inovador, com a dupla finalidade, por um lado promover liga\u00e7\u00f5es institucionais de integra\u00e7\u00e3o entre as TNC\u2019s e as MC\u2019s e tamb\u00e9m para prestar apoio ao empreendedorismo social, especializado na \u00e1rea da sa\u00fade....","protected":false},"author":1,"featured_media":0,"parent":0,"menu_order":0,"comment_status":"closed","ping_status":"closed","template":"","meta":{"_monsterinsights_skip_tracking":false,"_monsterinsights_sitenote_active":false,"_monsterinsights_sitenote_note":"","_monsterinsights_sitenote_category":0,"_uf_show_specific_survey":0,"_uf_disable_surveys":false,"_themeisle_gutenberg_block_has_review":false,"footnotes":""},"class_list":["post-23106","page","type-page","status-publish","hentry"],"aioseo_notices":[],"_links":{"self":[{"href":"https:\/\/ameta.pt\/index.php?rest_route=\/wp\/v2\/pages\/23106","targetHints":{"allow":["GET"]}}],"collection":[{"href":"https:\/\/ameta.pt\/index.php?rest_route=\/wp\/v2\/pages"}],"about":[{"href":"https:\/\/ameta.pt\/index.php?rest_route=\/wp\/v2\/types\/page"}],"author":[{"embeddable":true,"href":"https:\/\/ameta.pt\/index.php?rest_route=\/wp\/v2\/users\/1"}],"replies":[{"embeddable":true,"href":"https:\/\/ameta.pt\/index.php?rest_route=%2Fwp%2Fv2%2Fcomments&post=23106"}],"version-history":[{"count":28,"href":"https:\/\/ameta.pt\/index.php?rest_route=\/wp\/v2\/pages\/23106\/revisions"}],"predecessor-version":[{"id":23730,"href":"https:\/\/ameta.pt\/index.php?rest_route=\/wp\/v2\/pages\/23106\/revisions\/23730"}],"wp:attachment":[{"href":"https:\/\/ameta.pt\/index.php?rest_route=%2Fwp%2Fv2%2Fmedia&parent=23106"}],"curies":[{"name":"wp","href":"https:\/\/api.w.org\/{rel}","templated":true}]}}